*g**2 - i. What is f(0)?
-3
Let k(q) = 5604320*q - q**3 + 10 - 5*q**2 + q**2 - 5604319*q. Calculate k(-4).
6
Let y be -1 - (-3 + 1) - -2. Let s(d) be the first derivative of -d**3/3 - d**2 + 4*d + 4071. Determine s(y).
-11
Let y(f) = -3*f - 158. Let k(q) = 48*q**3 - 9*q**2 - 15*q - 10. Let l be k(-1). What is y(l)?
-2
Let y(w) be the first derivative of 0*w - 3 - 1/2*w**2. Let a = 4905 + -4900. Determine y(a).
-5
Let s(h) be the second derivative of -h**5/20 + h**4/3 - h**3/3 + h**2/2 + 2*h. Suppose 4*u = -6 + 18, 0 = 3*q + 4*u - 24. What is s(q)?
-7
Let p(g) = -g**2 + 4*g + 1. Let b be (-584)/4*3/(-3 + 6). Let a = -141 - b. Suppose 0 = -a*w + 10*w - 20. What is p(w)?
1
Let d(m) = 2*m**2 - 62*m + 127. Let i be d(29). Let g(b) = -4*b**2 + 42*b + 11. What is g(i)?
-11
Let a(q) = -11*q**3 + 29*q**2 - 9*q - 19. Let l(d) = -5*d**3 + 15*d**2 - 6*d - 9. Let x(i) = 4*a(i) - 9*l(i). Calculate x(18).
5
Let g be (-2882)/110 + (-3)/(-15). Let c(i) = i**3 + 26*i**2 + 2*i + 43. Calculate c(g).
-9
Let h(w) = -7*w - 12. Suppose i + 2 + 4 = 0. Let n(z) = -z - 1. Let y(s) = i*n(s) + h(s). Let d be (-94)/12 + 1*6/(-36). Give y(d).
2
Let f(l) = l**3 + 5*l**2 + 2*l + 4. Suppose 11*h + 28 = 15*h. Suppose h + 9 = -4*u. Determine f(u).
12
Let z(h) be the first derivative of h**4/2 + 35*h**3/3 - 17*h**2/2 + 19*h + 1509. What is z(-18)?
1
Let r(v) = 122*v + 195 - 22*v - 53*v - 26*v. Give r(-9).
6
Let k(i) = -2*i**2 + 5. Let m(y) = -9*y**2 - 3*y + 52. Let z(a) = 4*k(a) - m(a). Calculate z(5).
8
Let m(c) = 26*c + 23*c - 128*c + 24*c - 2 + 37*c. Determine m(4).
-74
Let u be ((-5)/3)/(5/6). Let j(g) be the third derivative of g**6/120 + g**4/12 + g**3/6 + 3*g**2. Calculate j(u).
-11
Let d(n) be the first derivative of -n**5/20 + n**4/12 + n**2 + 8*n + 12. Let y(w) be the first derivative of d(w). Determine y(2).
-2
Suppose 4 = b - 0. Let i(n) = -3*n**3 + 8*n**2 + 83*n - 5. Let r(k) = 16*k**3 - 43*k**2 - 437*k + 26. Let o(p) = -21*i(p) - 4*r(p). Calculate o(b).
21
Let x(r) = -r**2 - r - 1. Let m(u) = u**3 - 14*u**2 - 19. Let s(q) = -m(q) + 2*x(q). Suppose 3*f + 60 = -260*c + 265*c, 0 = -3*f. Give s(c).
-7
Let y be ((-24)/9)/(26/(-4680)). Let c = y + -480. Let l(d) = d**2 + 0*d**3 + 0*d**3 - 11 + d**3. Give l(c).
-11
Let p(g) be the third derivative of 5*g**4/8 - 37*g**3/6 + 2*g**2 + 1035*g. Give p(3).
8
Let t(w) be the second derivative of -w**5/20 - w**4/3 - w**3/3 - 5*w**2/2 + 18*w - 25. What is t(-3)?
-8
Let j(q) = -14*q + 282. Let g be j(19). Let f(h) = -3*h + 34. What is f(g)?
-14
Let d(f) = 6*f - 7*f**2 + 8*f**2 - 1 - 15*f. Suppose 4*g + 155 = 199. What is d(g)?
21
Let i(c) = -c**3 + 26*c**2 + 26*c + 20. Let w be (2 - 470)/(-12) - 12. Determine i(w).
-7
Suppose 17*a = 2*v + 12*a + 1, 0 = 5*v - a - 9. Suppose 2*r + 8 = -c, 0 = 2*c - 6*c - 4*r - 12. Let h(w) = v*w**c - 2*w - 6 - 2*w - 3*w**2 + 4. Give h(-4).
-2
Let b(v) be the third derivative of 0 + 0*v + 129*v**2 + 1/3*v**3 + 1/60*v**5 - 1/8*v**4. Suppose 4*l - 4 = 0, 0 = -5*f - 0*l + 4*l + 6. Calculate b(f).
0
Let b(u) = -5*u**3 + u**2 - 2*u + 1. Let p(f) = 11*f**3 + 7*f**2 - 17*f + 5. Let c be p(3). Suppose -t - c + 315 = 0. What is b(t)?
-5
Let f be (4/(-6))/((-1)/3). Let t = -3 - f. Let l(p) = -p**3 - 14*p**2 - 5*p - 8. Let i(z) = 3*z**2 + z + 2. Let g(u) = 3*i(u) + l(u). Give g(t).
8
Let z(v) = -1563 + 531*v - 5*v**2 - 655*v + 1581. What is z(-25)?
-7
Suppose -4*n = -5*l + 5, 0*l - 2*l - 21 = 3*n. Let i be (-31)/l + (-20)/(-30). Let w(h) = -9 + i + 0*h**3 + 2*h**3 + h**2 - h**3. Determine w(0).
2
Let m(o) = -o**3 + 6*o**2 - 14*o + 11. Let i be m(3). Let h(p) = -p**3 - 5*p**2 + p + 9. What is h(i)?
-11
Let a(l) = 8*l - 17. Suppose -22*v - 66 = 82 - 16. Calculate a(v).
-65
Let i(t) = 129*t + 98. Let c(k) = 24*k + 19. Let y(q) = -11*c(q) + 2*i(q). Give y(-3).
5
Suppose -4*j = 2*b + 108 + 148, -2*j + 3*b = 144. Let i be -10*(j/(-15) + -4) + 0. Let v(n) = n**2 + 5*n + 3. Determine v(i).
-1
Let o be (2/(-3))/(30/(-495)). Let j = o - 10. Let x(m) = j - 3 - 12*m + 0 + 3. Calculate x(1).
-11
Let p(q) be the first derivative of q**4/4 - 4*q**3/3 + 5*q**2/2 - 11*q - 1011. Determine p(2).
-9
Let y(d) = -11*d + 4. Let v be (1/2)/((-408)/(-16) + -25). Calculate y(v).
-7
Let y(g) = -g - 1. Let b(c) = -18*c - 55. Let u be b(-3). Let q be 4/u + (-22)/33*-3. Calculate y(q).
1
Let x(m) be the second derivative of m**3/2 + 7*m**2/2 + m. Suppose 5*b + 4*q = 92 - 482, 390 = -5*b - 2*q. Let f be (-4)/b + (-1355)/(-195). Determine x(f).
28
Let o(b) = -18*b**2 - 42*b - 3. Let d(r) = -12*r**2 - 25*r - 1. Let q(c) = -8*d(c) + 5*o(c). Calculate q(6).
149
Let w(d) = -6*d - 201*d**2 - 8*d**3 + 9*d**3 + 2 - 11 - 202*d**2 + 410*d**2. Calculate w(-9).
-117
Let x(k) = k - 5. Let r be x(-3). Let c = 57 - 51. Let q(y) = y**2 - 94 + 42 + c*y + 42. Determine q(r).
6
Let o(u) = -u**2 + 18*u + 30. Let n(q) = 8*q**2 + 84*q + 124. Let x be n(-9). What is o(x)?
62
Let r = 258 - 262. Let f(n) = -n**3 - 2*n**2 + 8*n - 1. Give f(r).
-1
Let m(c) = 10*c**2 - 431*c + 341*c + 324*c - 145*c - 16. Give m(-9).
-7
Let w(k) = -k - 5. Let s(t) = 2. Let z(c) = -6*s(c) - 3*w(c). Let y(f) = 6*f + 7. Let b(a) = -4*y(a) + 10*z(a). What is b(-3)?
-16
Let j(v) = 3*v**2 - 26*v + 19. Let m(h) = h**2 - 9*h + 7. Let r(k) = 4*j(k) - 11*m(k). Let n be r(6). Let y(q) = 4*q - 1. Determine y(n).
19
Let o(i) = i**2 + 6*i + 7. Suppose 0 = 3*w + 15, -4*w = -b - b + 10. Give o(b).
2
Let b be 288/(-1248) - (-552)/26. Let o(w) = w**2 - 22*w + 25. Calculate o(b).
4
Let r = -164 + 182. Suppose 32*c - r*c = 16*c. Let p(j) = -4*j. Let w(q) = -3*q - 1. Let i(s) = -2*p(s) + 3*w(s). Give i(c).
-3
Let p(r) = -r**2 + 8*r. Let n(z) = -z**3 - 2*z**2 + 71*z. Let t(x) = -n(x) + 8*p(x). Determine t(6).
-42
Suppose -43*z + 91 + 111 = -228. Let s(v) = -15*v + 142. Determine s(z).
-8
Let r(j) = 1 - 41 + 15 - 8*j + 2. Determine r(-2).
-7
Let z(k) = -2*k**2 - 10*k - 37. Let h(j) = 34*j**2 + 2822*j - 6. Let o be h(-83). Determine z(o).
-49
Let g(a) = 2*a**2 - 10*a - 14. Let v(d) = d**3 - 16*d**2 - 2*d + 32. Let b be v(16). What is g(b)?
-14
Let u be 376/7 - (-3 + (-95)/(-35)). Let f = -52 + u. Suppose 2*n = 4*h - 5*h - 14, -f*n = 5*h + 22. Let s(c) = -c**2 - 6*c + 2. Determine s(n).
2
Let u(a) be the first derivative of 313 + 7*a + a**2 + 4/3*a**3 + 1/2*a**4. Give u(-3).
-17
Let s(q) be the second derivative of -5*q**3/6 + q. Let z be (-6 + 80/15)/(6/(-99)). Suppose 0 = -z*i + 3 - 25. Give s(i).
10
Let h(m) be the first derivative of -m**3/3 + 5*m**2/2 - 6*m - 111762. Let s be (-4)/14 + (-58)/(-7). Give h(s).
-30
Let h(x) be the third derivative of x**5/30 + 2*x**4/3 - 2*x**3 - x**2. Let l be h(-9). Suppose z - l*z - 15 = 0. Let r(t) = -t**2 - 5*t - 4. Give r(z).
2
Let m(r) = -r**3 - 17*r**2 + 46*r - 37. Let c(x) = -x**2 - 3*x + 1. Let h(k) = -2*c(k) - m(k). Give h(-21).
-7
Let u(h) = -5*h**2 - 5. Let a(m) = 5*m**2 + 4. Let y = -2 + -2. Let x = 6115 + -6118. Let d(g) = x*u(g) + y*a(g). Calculate d(1).
-6
Let a(d) be the second derivative of -2*d**3/3 + 3*d**2 + 146*d + 1. Determine a(-2).
14
Let h(p) = -p**2 - 15*p - 20. Suppose 2*c + 5*t + 26 = 0, 2*c - 13*t = -11*t - 26. What is h(c)?
6
Let c(r) be the third derivative of 0 + 0*r + 1/6*r**3 - 57*r**2 + 1/4*r**4. Calculate c(2).
13
Let h(r) be the third derivative of -r**5/60 - r**4/4 + 11*r**3/6 + 1463*r**2. Give h(-8).
-5
Let i(l) = -1 - 25*l - 53*l - 3*l**2 + 38*l + 0 - 5*l**2. Give i(-5).
-1
Let g(j) = j + 5. Let y = -165 - -212. Let c = -55 + y. Calculate g(c).
-3
Let s(b) = 11*b**2 - 22*b - 3. Let t(d) = 37*d**2 - 76*d - 11. Let j(l) = 17*s(l) - 5*t(l). Calculate j(-5).
24
Let t(d) = -34*d**2 + 5*d + 12. Let p(k) = -25*k**2 + 4*k + 13. Let f(n) = -4*p(n) + 3*t(n). What is f(0)?
-16
Let a(k) be the second derivative of -k**4/12 - k**3 + 6*k. Suppose -2*s - 2*o = -0*o - 4, 0 = 4*s - 3*o - 22. Let n be ((-7)/s)/((-31)/(-124)). Determine a(n).
-7
Let q(m) = 1213*m - 1209*m - 8*m**2 - 1 + 9*m**2. Let b(a) = -a**2 + 1. Let h be b(2). Give q(h).
-4
Let c(d) = -d**3 - 13*d**2 + 113*d + 13. Let m be c(-19). Let y(w) = w**3 - 31*w**2 - 30*w - 56. What is y(m)?
8
Let r(i) = 2*i**2 - 9*i + 13. Let s be r(3). Let k(c) = -332 + 166 + s*c + 169. Calculate k(-7).
-25
Let k(v) = -v**3 - 31*v**2 - 184*v - 9. Let c = 4950 + -4973. What is k(c)?
-9
Let z be 48/108 + 